+ 5*b + 10, 5*p + 5*b = -10. What is the remainder when 37 is divided by p + (-13)/2*-2?
11
Calculate the remainder when 25 is divided by 7 - (3 - 1 - 4).
7
Suppose 23 = 5*r - 2*j, -3*j + 12 = -4*r + 36. What is the remainder when r is divided by 2?
1
Suppose -5*b + 26 = 6. Suppose 0 = -2*v + 5*k - 16, -2*v + 5*k - 14 = v. What is the remainder when b is divided by v?
0
Suppose -z + 2*y = -12, -3*y + 0 = -z + 16. Suppose 0 = o - z - 0. What is the remainder when 5 is divided by o?
1
Suppose 0 = -2*y - 3*x - 5, -5*x - 45 = -0*y - 4*y. Calculate the remainder when 19 is divided by y.
4
Let l = -42 + 45. Calculate the remainder when 12 is divided by l.
0
Suppose -c + 13 + 21 = 0. Calculate the remainder when c is divided by 9.
7
Suppose -5*c + 14 = 5*z - 1, -2*z = 8. Suppose 2*b + 4*n = -0*b + 36, -2*b - 2*n = -36. What is the remainder when b is divided by c?
4
Let z = -451 + 564. Calculate the remainder when z is divided by (1 - 1) + (-29)/(-1).
26
Suppose 3*v - 47 = -5*p, -6 = -p - 4*v - 0. Calculate the remainder when p is divided by 5.
0
Suppose 5*o + 67 = 3*k - 53, k - 38 = o. Let i = 7 + 2. Calculate the remainder when k is divided by i.
8
Suppose 4*w = -4*l + 23 + 29, 2*l = 2*w - 18. What is the remainder when w is divided by 6?
5
Suppose -i = -a - 5*i, -3*a + 55 = i. Let t(v) = 2*v**2 - 28*v + 11. What is the remainder when a is divided by t(14)?
9
Suppose 4*k + 250 = -3*q, 5*k - 2*k - q + 181 = 0. Let y = -31 - k. Let z = -20 - -36. Calculate the remainder when y is divided by z.
14
Let v(b) be the second derivative of -2*b**2 + b + 5/3*b**3 + 0 - 1/12*b**4. Calculate the remainder when v(7) is divided by 6.
5
Let v be (-2)/8*2*-6. Suppose v*g + 2*g - 150 = 0. Suppose 2*x = -2*y + 3*x + 19, -g = -3*y + 3*x. What is the remainder when y is divided by 5?
4
Let r be (-155)/(-55) - 4/(-22). Suppose 5*s + 2*p = -183, -54 = 2*s - r*p - p. What is the remainder when (s/(-10))/(1/4) is divided by 8?
6
Let d = 18 - 12. Calculate the remainder when 15 is divided by d.
3
Suppose -3*z + 18 = 4*n, z - 4*n = -9 - 1. Suppose 0*l + 4*l - z = -x, 4*l - 14 = -3*x. Calculate the remainder when 15 is divided by x.
3
Let r be 4/16 + (-7)/(-4). Suppose r*p - 6 = p. Suppose -2*x = 2*c - 32, -3*c + 43 = 5*x - 3*x. Calculate the remainder when c is divided by p.
5
Let a = 25 - 13. Let u(v) = 2*v + 7. What is the remainder when u(8) is divided by a?
11
Let t be (-1 - -3) + -4 + 5. Suppose 16 = t*q - 5. What is the remainder when 17 is divided by q?
3
Let m = 6 - 11. Let w(h) = h + 7. Let r be w(m). What is the remainder when 23 is divided by (r/3)/(3/54)?
11
Suppose -3*c + 9 = b - 22, 3*b - 5*c = 79. Suppose v + l = 2*v - 13, v + 2*l = b. Let y(f) = f**2 + f - 3. Calculate the remainder when y(7) is divided by v.
17
Suppose -2*b - b = 4*v - 109, 5*v - 113 = 4*b. Let i = v + 15. What is the remainder when i is divided by (-1)/(-5) + (-207)/(-15)?
12
Suppose -h = -0 + 21. Let m(d) = 30*d**2 - 2*d + 1. Let j be m(1). Let r = j + h. What is the remainder when 15 is divided by r?
7
Suppose -22 = -w + 17. What is the remainder when w is divided by 192/14 + 6/21?
11
Let f = -10 - -12. What is the remainder when 17 is divided by 5 - (f - (3 + 1))?
3
Suppose -4*r + 45 = -247. What is the remainder when r is divided by 26?
21
Let f = 53 - 42. Suppose -u - 4 = -2*u. Suppose -u*j + 108 = -16. Calculate the remainder when j is divided by f.
9
Suppose -4*k - 144 = -0*k - s, k - s + 39 = 0. Let u = 91 + k. Calculate the remainder when 20 is divided by u/12*(-9)/(-6).
6
Let b be 3/(-6)*(0 + -4). Suppose b*v = 310 - 20. Suppose 7*z - v = 2*z. What is the remainder when z is divided by 16?
13
Let k = 35 + 47. Calculate the remainder when k is divided by 21.
19
Suppose -4*q + 2*q = -y + 129, q - 373 = -3*y. Calculate the remainder when y is divided by 21.
20
Suppose -10 = -q + 2*f + 11, 0 = -3*q - f + 28. Calculate the remainder when (42 + (-3 - -2))*1 is divided by q.
8
Let c(b) = -3*b + 35. What is the remainder when c(-22) is divided by 26?
23
Let m be (-3)/(-6) + 3/(-6). Suppose -4*i - 4 + 24 = m. Calculate the remainder when 13 is divided by i.
3
Let s = 118 - 117. Calculate the remainder when 7 is divided by s.
0
Let h = -8 - -5. Let a = h + 7. What is the remainder when 9 is divided by a?
1
Let w(j) = j**3 + 4*j**2 - 6*j. What is the remainder when w(-5) is divided by 4?
1
Calculate the remainder when 29 is divided by (-8)/40 + (-162)/(-10).
13
Let a = -24 - -41. Suppose -y - 4 = -a. Let c(k) = -27*k**3 - 4*k**2 - 3*k - 1. What is the remainder when c(-1) is divided by y?
12
Let a(u) = -u + 13. Let x be a(0). Calculate the remainder when 28/8*(-12)/(-7) is divided by 7/(-21) - x/(-3).
2
Let c(g) = g + 4. Suppose 0*t + 5*n = t - 23, -3*t + 17 = -2*n. What is the remainder when c(0) is divided by t?
1
Let v = 35 - -11. Suppose -b - 3*o = -12, 4*b - 66 = 2*o - 18. What is the remainder when v is divided by b?
10
What is the remainder when ((-13)/(-3))/(1 + 20/(-24)) is divided by 10?
6
Suppose -3*m = 33 - 264. What is the remainder when m is divided by 40?
37
Suppose 0 = -5*d + 9*d - 140. Calculate the remainder when 99 is divided by d.
29
Let v be 42/12 - 2/(-4). Suppose -3*m - v = -13. Suppose 0 = -2*g + 8 - 4. What is the remainder when m is divided by g?
1
Suppose 66 = -14*f + 16*f. Calculate the remainder when f is divided by 6.
3
Let s(j) = 3*j**2 + 4*j. Let c be s(-5). Let o = c + -33. Let l(r) = 12*r**2 - 4*r + 2. What is the remainder when l(2) is divided by o?
20
Let m(n) = n**3 + n**2 + n - 2. What is the remainder when m(2) is divided by 8?
4
Suppose 0 = -l - j - 12 - 23, 3*j = 3. Suppose -2*k = 3*g - 23, -39 = -2*k + k + 4*g. Calculate the remainder when k is divided by (-260)/l - (-2)/(-9).
5
Calculate the remainder when (-119)/(1/(-2) - 14/28) is divided by 10.
9
Calculate the remainder when ((-45)/6)/(4/(-40)) is divided by 38.
37
Let k(s) = -s**3 + s + 2. Suppose -4*x - 10 = 3*d - d, 25 = 4*x - 5*d. What is the remainder when 4 is divided by k(x)?
0
What is the remainder when ((-6)/8)/((-12)/304) is divided by 11?
8
Suppose -z = -2*x + 39, 4*x - 3 - 74 = 3*z. Let m(j) = -j**2 - 10*j + 2. Calculate the remainder when x is divided by m(-9).
9
Calculate the remainder when (3 + 2)*58/10 is divided by 15.
14
Suppose 0 = -o - 3*l + 15, -2*o + 6 = 3*l - 12. Suppose 0 = o*k - 0 - 3. Let b(z) = -z**2 + 10. What is the remainder when b(-3) is divided by k?
0
Calculate the remainder when 27 is divided by (-5 - 0)*28/(-35).
3
Suppose -2*q - h = -43, q - 4*h + 67 = 4*q. Calculate the remainder when 81 is divided by q.
18
Suppose -38 - 109 = -3*p. Suppose 15 = -3*a, 61 = 2*z - 5*a + 2. What is the remainder when p is divided by z?
15
Calculate the remainder when 9 is divided by (-156)/91*(-7)/2.
3
Suppose 4*b - 3*l - 201 = 2*l, -4*b + 4*l + 196 = 0. Calculate the remainder when b is divided by 9.
8
Let g = -233 + 239. What is the remainder when 30/(-2)*1*-1 is divided by g?
3
Let w(q) = 16*q - 1. What is the remainder when w(3) is divided by 5?
2
Suppose -156 = -6*c + 4*c. Let h = 121 - 101. What is the remainder when c is divided by h?
18
Let p(j) = 2*j + 12. Calculate the remainder when 215 is divided by p(12).
35
Let b(c) = 24*c**3 - c**2 - 3*c + 1. Let d(u) = 72*u**3 - 3*u**2 - 8*u + 3. Let k(g) = 11*b(g) - 4*d(g). Calculate the remainder when k(-1) is divided by 9.
7
Calculate the remainder when 2/8 + 382/8 is divided by 25.
23
Let s = 72 - 38. Suppose -3*f + 4*u = -26, -4*f + u + s = -4*u. What is the remainder when 1/(-1)*(-10 - 1) is divided by f?
5
What is the remainder when (-7)/(28/(-152)) - -2 is divided by 21?
19
Let p = 3 - -8. Let j = 54 - 51. Calculate the remainder when p is divided by j.
2
Let y(n) = -11*n**3 - 2*n - 5. Let d(r) = 4*r**3 + r + 2. Let j(i) = 8*d(i) + 3*y(i). Suppose 0*q = q + 2. What is the remainder when j(q) is divided by 3?
2
Suppose 1 = -k - 0. Let x(v) = -13*v**3 - v**2 - v. Let f = -6 + 14. Calculate the remainder when x(k) is divided by f.
5
Let n be ((-2)/5)/(5/(-50)). Suppose 19 + 11 = 3*q - n*z, -3*z - 40 = -4*q. Calculate the remainder when (-672)/(-36) + 2/(-3) is divided by q.
8
Let f = -112 - -347. Suppose -z - 4*z = 2*s - f, -2*z - s + 94 = 0. What is the remainder when z is divided by 16?
15
Let q be -1*1 - (2 - -6). Le